{"id":14,"date":"2023-07-27T16:12:40","date_gmt":"2023-07-27T19:12:40","guid":{"rendered":"https:\/\/funerariasanmarco.com.br\/?page_id=14"},"modified":"2023-07-28T08:35:46","modified_gmt":"2023-07-28T11:35:46","slug":"index","status":"publish","type":"page","link":"https:\/\/funerariasanmarco.com.br\/","title":{"rendered":"index"},"content":{"rendered":"<p><!DOCTYPE html><br \/>\n<html><br \/>\n<head><br \/>\n    <title>Redirecionando para Plano San Marco &#8211; Funer\u00e1ria<\/title><br \/>\n    <meta http-equiv=\"refresh\" content=\"0; URL=http:\/\/www.planosanmarco.com.br\/funeraria\"><br \/>\n<\/head><br \/>\n<body><\/p>\n<p>Por favor, aguarde alguns segundos. Voc\u00ea ser\u00e1 redirecionado automaticamente para o site da Plano San Marco &#8211; Funer\u00e1ria.<\/p>\n<p><\/body><br \/>\n<\/html><\/p>\n","protected":false},"excerpt":{"rendered":"<p>Redirecionando para Plano San Marco &#8211; Funer\u00e1ria Por favor, aguarde alguns segundos. Voc\u00ea ser\u00e1 redirecionado automaticamente para o site da&hellip;<\/p>\n","protected":false},"author":1,"featured_media":0,"parent":0,"menu_order":0,"comment_status":"closed","ping_status":"closed","template":"elementor_canvas","meta":{"footnotes":""},"class_list":["post-14","page","type-page","status-publish","hentry"],"_links":{"self":[{"href":"https:\/\/funerariasanmarco.com.br\/index.php?rest_route=\/wp\/v2\/pages\/14","targetHints":{"allow":["GET"]}}],"collection":[{"href":"https:\/\/funerariasanmarco.com.br\/index.php?rest_route=\/wp\/v2\/pages"}],"about":[{"href":"https:\/\/funerariasanmarco.com.br\/index.php?rest_route=\/wp\/v2\/types\/page"}],"author":[{"embeddable":true,"href":"https:\/\/funerariasanmarco.com.br\/index.php?rest_route=\/wp\/v2\/users\/1"}],"replies":[{"embeddable":true,"href":"https:\/\/funerariasanmarco.com.br\/index.php?rest_route=%2Fwp%2Fv2%2Fcomments&post=14"}],"version-history":[{"count":7,"href":"https:\/\/funerariasanmarco.com.br\/index.php?rest_route=\/wp\/v2\/pages\/14\/revisions"}],"predecessor-version":[{"id":23,"href":"https:\/\/funerariasanmarco.com.br\/index.php?rest_route=\/wp\/v2\/pages\/14\/revisions\/23"}],"wp:attachment":[{"href":"https:\/\/funerariasanmarco.com.br\/index.php?rest_route=%2Fwp%2Fv2%2Fmedia&parent=14"}],"curies":[{"name":"wp","href":"https:\/\/api.w.org\/{rel}","templated":true}]}}